{"id":21389,"date":"2024-11-29T20:40:46","date_gmt":"2024-11-29T23:40:46","guid":{"rendered":"https:\/\/directoriocoihueco.cl\/starclick.prueba.cl\/?page_id=21389"},"modified":"2025-10-28T00:21:28","modified_gmt":"2025-10-28T03:21:28","slug":"nuestra-empresa","status":"publish","type":"page","link":"https:\/\/sitioprueba.starclick.cl\/index.php\/nuestra-empresa\/","title":{"rendered":"Nuestra Empresa"},"content":{"rendered":"<section class=\"l-section wpb_row us_custom_19737bc8 height_large with_img parallax_ver\"><div class=\"l-section-img\" role=\"img\" data-img-width=\"626\" data-img-height=\"417\" style=\"background-image: url(https:\/\/sitioprueba.starclick.cl\/wp-content\/uploads\/2025\/10\/fondosomos.png);\"><\/div><div class=\"l-section-overlay\" style=\"background:rgba(0,0,0,0.20)\"><\/div><div class=\"l-section-h i-cf\"><div class=\"g-cols vc_row via_flex valign_top type_default stacking_default\"><div class=\"vc_col-sm-3 wpb_column vc_column_container us_animate_fade\"><div class=\"vc_column-inner\"><div class=\"wpb_wrapper\"><div class=\"w-image align_none\"><div class=\"w-image-h\"><img decoding=\"async\" width=\"192\" height=\"215\" src=\"https:\/\/sitioprueba.starclick.cl\/wp-content\/uploads\/2025\/10\/favicon.png\" class=\"attachment-large size-large\" alt=\"\" loading=\"lazy\" \/><\/div><\/div><\/div><\/div><\/div><div class=\"vc_col-sm-9 wpb_column vc_column_container has_text_color\"><div class=\"vc_column-inner us_custom_307fb2a6 us_animate_this\"><div class=\"wpb_wrapper\"><h3 class=\"w-text us_custom_2d61b4e0 has_text_color\"><span class=\"w-text-h\"><span class=\"w-text-value\">Panel Pro<\/span><\/span><\/h3><div class=\"wpb_text_column us_custom_432d3f53\"><div class=\"wpb_wrapper\"><p><span><strong>PanelPro<\/strong>\u00a0naci\u00f3 con una idea clara: transformar los espacios a trav\u00e9s del dise\u00f1o.<\/span><br \/>\n<span>Inspirados por la necesidad de aportar soluciones est\u00e9ticas, funcionales y duraderas para revestimientos interiores y exteriores, un grupo de profesionales del dise\u00f1o, la arquitectura y la construcci\u00f3n dio vida a una marca que hoy se distingue por su innovaci\u00f3n, calidad y estilo.<\/span><\/p>\n<p><span>Desde nuestros inicios, hemos cre\u00eddo que cada muro puede convertirse en una expresi\u00f3n de personalidad y elegancia. As\u00ed, combinamos tecnolog\u00eda, materiales de alto rendimiento y dise\u00f1o vanguardista para ofrecer productos que no solo embellecen, sino que tambi\u00e9n protegen y mejoran los ambientes.<\/span><\/p>\n<p><span>Hoy, PanelPro es sin\u00f3nimo de confianza, modernidad y dise\u00f1o profesional, acompa\u00f1ando a clientes particulares, arquitectos, constructoras y dise\u00f1adores en la creaci\u00f3n de espacios \u00fanicos.<\/span><\/p>\n<\/div><\/div><div class=\"w-separator size_small\"><\/div><\/div><\/div><\/div><\/div><\/div><\/section><section class=\"l-section wpb_row us_custom_539f15ee height_large\"><div class=\"l-section-h i-cf\"><div class=\"g-cols vc_row via_flex valign_top type_default stacking_default\"><div class=\"vc_col-sm-8 wpb_column vc_column_container us_animate_afl\"><div class=\"vc_column-inner\"><div class=\"wpb_wrapper\"><h3 class=\"w-text us_custom_8ac662a2 has_text_color\"><span class=\"w-text-h\"><span class=\"w-text-value\">Nuestra Filosof\u00eda<\/span><\/span><\/h3><div class=\"wpb_text_column us_custom_432d3f53\"><div class=\"wpb_wrapper\"><p><span>En PanelPro entendemos que el dise\u00f1o es una forma de comunicaci\u00f3n.<\/span><br \/>\n<span>Por eso, cada panel, textura y acabado se desarrolla con el objetivo de \u00abvestir los muros\u00bb de manera \u00fanica, combinando tendencias contempor\u00e1neas con materiales resistentes y f\u00e1ciles de instalar.<\/span><\/p>\n<p><span>Nos mueve la pasi\u00f3n por los detalles, la innovaci\u00f3n constante y la satisfacci\u00f3n de quienes conf\u00edan en nosotros para transformar sus espacios.<\/span><\/p>\n<\/div><\/div><\/div><\/div><\/div><div class=\"vc_col-sm-4 wpb_column vc_column_container\"><div class=\"vc_column-inner\"><div class=\"wpb_wrapper\"><div class=\"w-image align_none\"><div class=\"w-image-h\"><img decoding=\"async\" width=\"1024\" height=\"1024\" src=\"https:\/\/sitioprueba.starclick.cl\/wp-content\/uploads\/2025\/10\/51562-14993741-1024x1024.jpg\" class=\"attachment-large size-large\" alt=\"\" loading=\"lazy\" srcset=\"https:\/\/sitioprueba.starclick.cl\/wp-content\/uploads\/2025\/10\/51562-14993741-1024x1024.jpg 1024w, https:\/\/sitioprueba.starclick.cl\/wp-content\/uploads\/2025\/10\/51562-14993741-300x300.jpg 300w, https:\/\/sitioprueba.starclick.cl\/wp-content\/uploads\/2025\/10\/51562-14993741-150x150.jpg 150w, https:\/\/sitioprueba.starclick.cl\/wp-content\/uploads\/2025\/10\/51562-14993741-600x600.jpg 600w, https:\/\/sitioprueba.starclick.cl\/wp-content\/uploads\/2025\/10\/51562-14993741.jpg 1500w\" sizes=\"auto, (max-width: 1024px) 100vw, 1024px\" \/><\/div><\/div><\/div><\/div><\/div><\/div><\/div><\/section><section class=\"l-section wpb_row us_custom_539f15ee height_large with_img parallax_ver\"><div class=\"l-section-img\" role=\"img\" data-img-width=\"1024\" data-img-height=\"683\" style=\"background-image: url(https:\/\/sitioprueba.starclick.cl\/wp-content\/uploads\/2025\/10\/fondovisio.png);background-size: contain;\"><\/div><div class=\"l-section-overlay\" style=\"background:rgba(0,0,0,0.50)\"><\/div><div class=\"l-section-h i-cf\"><div class=\"g-cols vc_row via_flex valign_top type_default stacking_default\"><div class=\"vc_col-sm-12 wpb_column vc_column_container us_animate_afl\"><div class=\"vc_column-inner\"><div class=\"wpb_wrapper\"><h3 class=\"w-text us_custom_2509bbe8 has_text_color\"><span class=\"w-text-h\"><span class=\"w-text-value\">Visi\u00f3n y Futuro<\/span><\/span><\/h3><div class=\"g-cols wpb_row via_flex valign_top type_default stacking_default\"><div class=\"vc_col-sm-3 wpb_column vc_column_container\"><div class=\"vc_column-inner\"><div class=\"wpb_wrapper\"><div class=\"w-image align_none\"><div class=\"w-image-h\"><img decoding=\"async\" width=\"650\" height=\"650\" src=\"https:\/\/sitioprueba.starclick.cl\/wp-content\/uploads\/2025\/10\/df00034f43f62bea1d0ab394cc14ecbe.jpg\" class=\"attachment-large size-large\" alt=\"\" loading=\"lazy\" srcset=\"https:\/\/sitioprueba.starclick.cl\/wp-content\/uploads\/2025\/10\/df00034f43f62bea1d0ab394cc14ecbe.jpg 650w, https:\/\/sitioprueba.starclick.cl\/wp-content\/uploads\/2025\/10\/df00034f43f62bea1d0ab394cc14ecbe-300x300.jpg 300w, https:\/\/sitioprueba.starclick.cl\/wp-content\/uploads\/2025\/10\/df00034f43f62bea1d0ab394cc14ecbe-150x150.jpg 150w, https:\/\/sitioprueba.starclick.cl\/wp-content\/uploads\/2025\/10\/df00034f43f62bea1d0ab394cc14ecbe-600x600.jpg 600w\" sizes=\"auto, (max-width: 650px) 100vw, 650px\" \/><\/div><\/div><\/div><\/div><\/div><div class=\"vc_col-sm-9 wpb_column vc_column_container\"><div class=\"vc_column-inner\"><div class=\"wpb_wrapper\"><div class=\"wpb_text_column us_custom_4a80a5c9 has_text_color\"><div class=\"wpb_wrapper\"><p>Nuestra visi\u00f3n es ser l\u00edderes en dise\u00f1o de revestimientos a nivel nacional, expandiendo nuestra presencia a nuevos mercados y fortaleciendo nuestra identidad como marca de referencia en innovaci\u00f3n, dise\u00f1o y calidad.<\/p>\n<p>En PanelPro, no solo revestimos muros: transformamos espacios.<\/p>\n<\/div><\/div><\/div><\/div><\/div><\/div><\/div><\/div><\/div><\/div><\/div><\/section><section class=\"l-section wpb_row us_custom_539f15ee height_large\"><div class=\"l-section-h i-cf\"><div class=\"g-cols vc_row via_flex valign_top type_default stacking_default\"><div class=\"vc_col-sm-6 wpb_column vc_column_container us_animate_afl\"><div class=\"vc_column-inner\"><div class=\"wpb_wrapper\"><div class=\"w-btn-wrapper align_right\"><a class=\"w-btn us-btn-style_2 icon_atleft\" title=\"Contacto\" href=\"\/index.php\/contacto\/\"><i class=\"fas fa-paper-plane\"><\/i><span class=\"w-btn-label\">Cont\u00e1ctanos<\/span><\/a><\/div><\/div><\/div><\/div><div class=\"vc_col-sm-6 wpb_column vc_column_container\"><div class=\"vc_column-inner\"><div class=\"wpb_wrapper\"><div class=\"w-btn-wrapper align_none\"><a class=\"w-btn us-btn-style_2 icon_atleft\" href=\"https:\/\/wa.me\/56937267447\"><i class=\"fab fa-whatsapp\"><\/i><span class=\"w-btn-label\">WhatsApp<\/span><\/a><\/div><\/div><\/div><\/div><\/div><\/div><\/section>\n","protected":false},"excerpt":{"rendered":"Panel ProPanelPro\u00a0naci\u00f3 con una idea clara: transformar los espacios a trav\u00e9s del dise\u00f1o. Inspirados por la necesidad de aportar soluciones est\u00e9ticas, funcionales y duraderas para revestimientos interiores y exteriores, un grupo de profesionales del dise\u00f1o, la arquitectura y la construcci\u00f3n dio vida a una marca que hoy se distingue por su innovaci\u00f3n, calidad y estilo....","protected":false},"author":70,"featured_media":0,"parent":0,"menu_order":0,"comment_status":"closed","ping_status":"closed","template":"","meta":{"_joinchat":[],"footnotes":""},"class_list":["post-21389","page","type-page","status-publish","hentry"],"_links":{"self":[{"href":"https:\/\/sitioprueba.starclick.cl\/index.php\/wp-json\/wp\/v2\/pages\/21389","targetHints":{"allow":["GET"]}}],"collection":[{"href":"https:\/\/sitioprueba.starclick.cl\/index.php\/wp-json\/wp\/v2\/pages"}],"about":[{"href":"https:\/\/sitioprueba.starclick.cl\/index.php\/wp-json\/wp\/v2\/types\/page"}],"author":[{"embeddable":true,"href":"https:\/\/sitioprueba.starclick.cl\/index.php\/wp-json\/wp\/v2\/users\/70"}],"replies":[{"embeddable":true,"href":"https:\/\/sitioprueba.starclick.cl\/index.php\/wp-json\/wp\/v2\/comments?post=21389"}],"version-history":[{"count":37,"href":"https:\/\/sitioprueba.starclick.cl\/index.php\/wp-json\/wp\/v2\/pages\/21389\/revisions"}],"predecessor-version":[{"id":22454,"href":"https:\/\/sitioprueba.starclick.cl\/index.php\/wp-json\/wp\/v2\/pages\/21389\/revisions\/22454"}],"wp:attachment":[{"href":"https:\/\/sitioprueba.starclick.cl\/index.php\/wp-json\/wp\/v2\/media?parent=21389"}],"curies":[{"name":"wp","href":"https:\/\/api.w.org\/{rel}","templated":true}]}}